8). Let a be (-9)/45 - u/(-5). Let w(k) = 0*k**3 + 0*k + k**a + k - 1 + 0 + k**2. What is w(0)?
-1
Let v(n) = -3*n**3 + 11*n**2 + 4*n + 11. Let z(b) = -17*b**3 + 58*b**2 + 19*b + 57. Let i(q) = -11*v(q) + 2*z(q). Suppose -4*p = 7 + 13. Calculate i(p).
23
Suppose 0 = c - 2*a - 2, 6*a - 12 = 9*a. Let o(t) = -t**2 - 19*t - 2. Let z(j) = -j**2 - 17*j - 2. Let b(i) = c*z(i) + 5*o(i). Give b(-8).
10
Let t = -21 + 53. Let m(u) = -5*u**2 + 3*u - 31*u**3 + t*u**3 - 5*u + 6. Determine m(5).
-4
Suppose -23*p = -10*p - 11*p. Let u(f) = f**2 - 3*f - 13. What is u(p)?
-13
Let a(k) = k**3 - k**2 + 3*k - 1. Let x(j) = 2*j**3 + 3*j**2 + 10*j + 4. Let d(s) = -3*a(s) + x(s). Calculate d(6).
13
Let o(l) = -7*l + 58. Let k be o(8). Let h(a) = -28*a + 7*a**k - 34*a**3 + 23*a + 33*a**3. Give h(6).
6
Let d(c) = -c. Let b be (36/(-8) - -2)*-4. Let r = b - 8. Suppose -g = -r*g + 6. Determine d(g).
-6
Suppose -2*b - 5*a - 7 = -0*b, 2*a + 18 = 3*b. Let t(p) = -11*p**2 + 2*p**3 + b*p**2 - p**3 + 39 - 42. Give t(7).
-3
Suppose 0 = y - 13 + 14. Let b(l) = l + 2 + 0 + 14*l - 3. Give b(y).
-16
Let f(d) be the third derivative of -d**5/60 + 3*d**4/8 - 5*d**3/6 + 2*d**2 + 2*d. Give f(9).
-5
Let m(s) = -2*s + 1. Suppose n + 4*h + 33 = 0, -4*n - n - 5*h - 165 = 0. Let q = 25 + n. Let k(i) = i**3 + 8*i**2 - 2*i - 12. Let f be k(q). Give m(f).
-7
Suppose 0 = -4*c + 3*x + 23, -4*x = 4*c + 2 + 10. Let n(p) = c*p**2 - 3*p - 2 + 3 - 10*p + 15*p. Determine n(-2).
5
Let o(d) = -14*d + 35. Let l(i) = 5*i - 12. Let t(y) = 11*l(y) + 4*o(y). Let r be t(6). Let n(c) = 15*c + c**r - 3*c - 9*c + 1. Determine n(-2).
-1
Let i(c) = 6*c**2 + 3*c - 17. Let z(m) = -5*m**2 - 2*m + 17. Let w(l) = -4*i(l) - 5*z(l). Determine w(-5).
18
Let g(v) = 3*v + 2*v - v - 1 + v**2. Let j be 0 + 78/(-14) + (-18)/42. What is g(j)?
11
Let r(h) = -h**3 + 5*h**2 - 5*h + 8. Let p(k) = 3*k**3 - 15*k**2 + 14*k - 23. Let y(g) = -4*p(g) - 11*r(g). Calculate y(3).
19
Let l(t) be the first derivative of t**2/2 - 8*t + 33. What is l(0)?
-8
Let r(v) be the second derivative of -v**7/1260 - v**5/120 - 11*v**4/12 + 13*v. Let m(w) be the third derivative of r(w). Give m(-1).
-3
Let u(b) = -b**3 - 20*b**2 + 44*b + 2. Let k be u(-22). Let i(s) = 3*s + 0 + s**2 + 0 + 2 + k. Calculate i(-5).
14
Let h(a) be the first derivative of 5*a**4/24 - a**3/2 + 9*a**2 + 21. Let w(y) be the second derivative of h(y). Calculate w(4).
17
Let g(m) be the first derivative of -m**5/20 + m**4/6 + 7*m**3/6 - 5*m**2/2 + 10*m - 20. Let u(n) be the first derivative of g(n). What is u(4)?
-9
Let l(a) = 2*a - 3*a - 1 - 1. Let p be l(-6). Let t(j) be the first derivative of j**2 - 3*j + 24. Calculate t(p).
5
Let a(h) = 3*h + 10. Let t be a(-2). Let d(i) be the third derivative of i**2 - 1/24*i**t + 0*i + 0 - 1/2*i**3. Calculate d(-3).
0
Let q be (-14)/(-10) - 15/(-25). Let k(n) = 0*n**2 + 5 - n**q + 3*n + 2*n**2 - 9*n. Calculate k(5).
0
Let y(f) = 5*f - 5*f - 1 + 8*f**2. Let p(v) = v**2 - 7*v - 21. Let s be p(11). Suppose s*a - 5*a + 18 = 0. Calculate y(a).
7
Let j be 5/((-5)/2) - -3. Let v = j + 5. Let g(l) be the third derivative of l**6/120 - l**5/12 - l**4/6 - 11*l**2. Determine g(v).
12
Let b = -262 - -269. Let k(n) = -n + 7. Calculate k(b).
0
Let v(c) = -16*c**2 - 5*c + 9. Let l(j) = -13*j**2 - 4*j + 8. Let y(b) = -5*l(b) + 4*v(b). Suppose -3*a - a - 16 = 0. What is y(a)?
12
Let b = -20 + 20. Let z(l) be the second derivative of -l**5/20 + l**4/12 - l**3/6 - 2*l**2 - 10*l. Determine z(b).
-4
Suppose 14 - 16 = -2*q, -o + 1 = q. Let l(m) = m**3 - m + 43. Determine l(o).
43
Let w = -39 + 20. Let x(r) = r**2 + 20*r + 13. Give x(w).
-6
Let i(w) = 76*w - 3*w**2 - 21*w - 59*w - 5 + 19. Determine i(2).
-6
Let k(s) be the third derivative of 7*s**4/12 - 2*s**2. Let v(f) = -42*f + 43. Let l be v(1). What is k(l)?
14
Let w(h) = 9*h**2 + 13*h - 26. Let x(m) = -7*m**2 - 12*m + 21. Let f(l) = -4*w(l) - 5*x(l). Suppose 0 = 4*a - 16, -2*z + 5*a - 3 = 1. What is f(z)?
-1
Let b(h) be the first derivative of h**4/4 + 4*h**3/3 - h**2/2 + h - 33. Calculate b(-2).
11
Let o be ((-75)/(-10) + -9)*(-30)/(-9). Let t(z) = -z**3 - 4*z**2 + 2*z - 12. Calculate t(o).
3
Let p(h) = -h**3 + 2 - 4*h**2 + 0 + 2*h + 3*h. Suppose -3*l + 2 = 4*g, -3*l - 9 + 1 = -g. Suppose 15 = -z - 4*z - g*n, -3*n = 3*z. Give p(z).
2
Let k = -142 - -149. Let o(b) = b**3 - 8*b**2 + 6*b + 9. Give o(k).
2
Let n(o) = o**2 + o - 5. Suppose 6*y - 1661 + 1637 = 0. What is n(y)?
15
Let y(u) be the third derivative of -u**5/60 - 5*u**4/24 - u**3/2 + u**2. Let z(q) = q**3 + 3*q**2 + 18*q + 134. Let g be z(-5). Calculate y(g).
-9
Let w(v) = v**2 - 7*v - 10. Let r(s) = s**2 - 3*s - 4. Let h be r(3). Let u(n) = n + 11. Let z be u(h). What is w(z)?
-10
Let z be 3*1*(-20)/12. Let c(j) = 2*j**2 - j - 2. What is c(z)?
53
Suppose 7*x - 10*x = -9. Let a(o) = 1 - 83*o**2 + 3 - 5*o - 2*o + 89*o**2 - o**x. What is a(4)?
8
Let y(j) be the third derivative of -j**6/120 - j**5/12 + j**3 - 5*j**2. Let x be y(-5). Let w(m) = -m**2 + 6*m - 1. Calculate w(x).
-1
Let u(j) be the third derivative of -j**5/60 + 5*j**4/8 + 5*j**3 - 16*j**2. Let y(z) be the first derivative of u(z). Calculate y(10).
-5
Let k(s) = s - 6. Let r(y) = -y**3 - 20*y**2 + 23*y + 16. Let m be r(-21). Let t be 14/(-21) - m/3. What is k(t)?
2
Suppose -z - 8 + 16 = 0. Let q(o) = 2*o - 14. Calculate q(z).
2
Let s(i) = -13*i**2 - 9*i + 23. Let x(j) = 22*j**2 + 17*j - 45. Let o(q) = -5*s(q) - 3*x(q). Calculate o(-8).
4
Let q(k) be the second derivative of -k**5/20 + k**4/2 - k**3 + k**2/2 - 153*k. Determine q(4).
9
Let w = -24 + 30. Let s(u) be the second derivative of -u**3/6 + 6*u**2 + 8*u. Determine s(w).
6
Let t = -355 - -327. Let c(i) = i**2 + 28*i + 1. What is c(t)?
1
Suppose 3*a + 3*r - 4 + 10 = 0, 0 = -2*r + 4. Let m(l) = -2*l**2 - 3 + 13*l - 6*l - 8*l. Give m(a).
-31
Let w(i) = -i + 1. Suppose -5*o = -4*o + 1. Let g(s) = s**3 + 8*s**2 - 15*s + 5. Let k(a) = o*g(a) + 6*w(a). Give k(-9).
1
Let h = 8 + -4. Suppose h*j - 3*j - 2*c = -3, 3*j - 1 = c. Let o(n) = 2*n. Determine o(j).
2
Let j(l) = -l - 1. Let x be 2/((-16)/(-6)*1/(-4)). Calculate j(x).
2
Let x = -8 - -14. Let r be (-12)/(-20) + x/(-10). Let v(h) = 2*h**2 + 0 + r - h + 2*h**3. Determine v(1).
3
Let s be (1 - 3/(-4))*4. Let v(g) = -33 + 48 - 19 + g**2 - 7*g. Give v(s).
-4
Let d(h) be the first derivative of -h**2/2 + 7*h - 136. What is d(-8)?
15
Let x(f) = -3*f**2 - 2*f - 2. Let a(r) = r**2 - 8*r + 10. Let h be a(8). Let q = h - 12. Give x(q).
-10
Let k(h) be the third derivative of -h**5/60 + h**4/4 - 2*h**3/3 + h**2. Let m = 51 + -46. Suppose v - 3*x = -m, 0 = 4*v + 3*x - 0*x - 25. What is k(v)?
4
Let l(n) be the third derivative of n**5/60 - n**4/12 - 2*n**3/3 - 2*n**2. Suppose 3*o = -o - 8, 2*o + 52 = 3*j. Suppose j = 9*r - 5*r. Determine l(r).
4
Let w(s) be the second derivative of 0*s**2 + 1/24*s**4 + 1/24*s**5 + 0 - 3*s + 11/6*s**3. Let p(c) be the second derivative of w(c). Calculate p(-1).
-4
Let a(u) = -u**2 - 1. Let j(i) = i**3 - 3*i**2 - 2. Let y(m) = 2*a(m) - j(m). Suppose -4*l + 5*x + 2 = 0, -7*l + 2*x + 5 = -4*l. Determine y(l).
-18
Suppose -d - 2*g = 3 + 8, d - g = 4. Let n(f) = -9*f + 10*f - 1 - 6*f + 0*f. Give n(d).
4
Let b(o) = -o**3 - 8*o**2 + 8*o - 7. Let p = -66 - -22. Let a = p - -35. What is b(a)?
2
Let d(q) = -4*q - 3. Let y(l) = 3*l**2 - 5*l - 32. Let o be y(4). Determine d(o).
13
Let x(m) = m**3 - 6*m**2 + 3*m + 5. Let l = -73 - -13. Let y = -56 - l. Determine x(y).
-15
Let t(x) be the third derivative of -x**4/8 + x**3 + 40*x**2 - 5. What is t(6)?
-12
Suppose -n - 6 = 2*h, -13 = h + 4*n - n. Let o(b) = 2*b + 4. Suppose 4*y = -15 - 17. Let j(d) = -6*d - 11. Let x(p) = y*o(p) - 3*j(p). Give x(h).
-1
Let t(l) = -2*l**2 - 25*l - 15. Let n be t(-12). Let o be 3/(-4 + 1)*-2 + n. Let c(r) = r - 1. What is c(o)?
-2
Suppose 3*r - 6*x = -4*x + 45, 2*x = -3*r + 45. Let l(n) = -n**2 + 14*n + 21. What is l(r)?
6
Let q(o) be the third derivative of o**4/24 - o**3/2 + 2431*o**2. Let m = -34 + 58. Suppose -5*d + m = -d. Calculate q(d).
3
Let i(w) = -12*w - 1. Let g(t) = t**2 - 3*t. Let a(s) = 2*g(s) - i(s). Calculate a(-4).
9
Let j be 18/10 - (2 + 11/(-5)). Let r(f) = -f**3 + f + 2*f + f**2 - 2 - 3*f**2 + f**j. Give r(-3).
7
Let o be 115/10 + (-3)/(-2). Suppose -6*d - 11 = o. Let f(v) be